9?
False
Is 426 a multiple of 3?
True
Is 2667 a multiple of 58?
False
Is 3 a factor of 22297?
False
Is 196 a multiple of 28?
True
Is 15 a factor of 4530?
True
Is 3 a factor of 195?
True
Is 393 a multiple of 81?
False
Does 6 divide 2341?
False
Does 29 divide 22157?
False
Is 55 a factor of 5390?
True
Is 26 a factor of 1274?
True
Is 26 a factor of 75?
False
Does 99 divide 28987?
False
Does 38 divide 76?
True
Is 8850 a multiple of 20?
False
Does 15 divide 3999?
False
Does 50 divide 744?
False
Is 8 a factor of 302?
False
Does 14 divide 17262?
True
Does 14 divide 7765?
False
Is 13 a factor of 375?
False
Is 27 a factor of 1107?
True
Is 6 a factor of 531?
False
Is 483 a multiple of 7?
True
Is 40 a factor of 2373?
False
Is 4 a factor of 784?
True
Does 65 divide 845?
True
Does 21 divide 13818?
True
Is 6853 a multiple of 77?
True
Does 46 divide 368?
True
Is 33778 a multiple of 14?
False
Does 5 divide 364?
False
Does 57 divide 1197?
True
Is 82 a factor of 9876?
False
Is 58 a factor of 41199?
False
Is 2580 a multiple of 5?
True
Does 14 divide 667?
False
Does 8 divide 57082?
False
Does 39 divide 117?
True
Does 6 divide 3368?
False
Is 13775 a multiple of 87?
False
Does 45 divide 74475?
True
Is 3900 a multiple of 55?
False
Is 2 a factor of 1155?
False
Is 4050 a multiple of 179?
False
Is 16 a factor of 832?
True
Is 17 a factor of 489?
False
Does 26 divide 9542?
True
Is 56143 a multiple of 144?
False
Is 3 a factor of 6353?
False
Is 1852 a multiple of 22?
False
Is 37377 a multiple of 9?
True
Is 186 a multiple of 11?
False
Does 73 divide 5638?
False
Is 62 a factor of 7564?
True
Is 14520 a multiple of 30?
True
Is 182 a multiple of 108?
False
Does 4 divide 7948?
True
Is 4559 a multiple of 97?
True
Does 7 divide 427?
True
Is 25 a factor of 1969?
False
Is 153 a multiple of 51?
True
Is 46 a factor of 690?
True
Does 11 divide 1936?
True
Does 16 divide 256?
True
Is 74 a factor of 38480?
True
Does 15 divide 735?
True
Does 26 divide 5226?
True
Is 62 a multiple of 62?
True
Is 3 a factor of 3300?
True
Does 55 divide 4125?
True
Does 31 divide 1001?
False
Does 16 divide 3168?
True
Is 56 a factor of 1680?
True
Does 34 divide 1088?
True
Does 39 divide 61503?
True
Is 243 a multiple of 4?
False
Is 12 a factor of 1020?
True
Does 15 divide 2951?
False
Does 14 divide 9730?
True
Is 1196 a multiple of 16?
False
Is 97886 a multiple of 17?
True
Does 6 divide 642?
True
Is 6 a factor of 4176?
True
Is 945 a multiple of 27?
True
Is 14 a factor of 113?
False
Does 8 divide 2871?
False
Is 89 a factor of 253?
False
Is 63 a factor of 2998?
False
Is 67 a factor of 1326?
False
Is 245 a multiple of 21?
False
Is 3411 a multiple of 13?
False
Does 6 divide 1086?
True
Is 1274 a multiple of 26?
True
Is 39 a factor of 2297?
False
Is 9 a factor of 4464?
True
Is 21980 a multiple of 157?
True
Does 26 divide 14556?
False
Does 13 divide 2275?
True
Is 3 a factor of 7962?
True
Is 86 a factor of 5546?
False
Is 8 a factor of 560?
True
Is 17 a factor of 68?
True
Does 78 divide 26754?
True
Is 50 a factor of 509?
False
Does 76 divide 184?
False
Is 32 a factor of 19520?
True
Does 3 divide 4823?
False
Is 74 a factor of 709?
False
Is 29571 a multiple of 38?
False
Is 567 a multiple of 21?
True
Does 5 divide 5880?
True
Is 11 a factor of 65?
False
Is 3448 a multiple of 10?
False
Is 18310 a multiple of 5?
True
Is 3 a factor of 21557?
False
Does 141 divide 3948?
True
Is 224 a multiple of 32?
True
Is 3779 a multiple of 68?
False
Is 25 a factor of 2373?
False
Does 16 divide 36000?
True
Does 54 divide 2754?
True
Does 18 divide 5449?
False
Is 208 a factor of 10072?
False
Is 1200 a multiple of 30?
True
Is 54 a multiple of 27?
True
Is 10 a factor of 40980?
True
Is 4 a factor of 492?
True
Is 374 a factor of 68494?
False
Is 61 a factor of 19459?
True
Is 1589 a multiple of 2?
False
Is 2440 a multiple of 40?
True
Is 6429 a multiple of 11?
False
Does 96 divide 4385?
False
Is 8 a factor of 29?
False
Is 109 a factor of 3144?
False
Is 8 a factor of 4156?
False
Does 289 divide 6628?
False
Is 158 a factor of 8353?
False
Is 38 a factor of 7904?
True
Does 212 divide 118349?
False
Does 52 divide 679?
False
Is 5 a factor of 2902?
False
Does 6 divide 914?
False
Is 5 a factor of 19130?
True
Is 485 a multiple of 5?
True
Does 36 divide 2933?
False
Is 16 a factor of 672?
True
Does 8 divide 808?
True
Is 42 a factor of 4200?
True
Does 38 divide 1596?
True
Is 22042 a multiple of 30?
False
Is 118 a factor of 2602?
False
Is 142 a factor of 8089?
False
Is 5084 a multiple of 32?
False
Is 5595 a multiple of 37?
False
Is 2090 a multiple of 22?
True
Does 40 divide 611?
False
Is 28 a factor of 2212?
True
Is 14 a factor of 1246?
True
Does 48 divide 15840?
True
Is 31 a factor of 2387?
True
Does 2 divide 2191?
False
Is 33 a factor of 2243?
False
Does 103 divide 54568?
False
Does 16 divide 14218?
False
Is 323 a multiple of 17?
True
Is 75 a factor of 2625?
True
Is 5 a factor of 78?
False
Is 65 a multiple of 5?
True
Is 1770 a multiple of 14?
False
Does 96 divide 5834?
False
Is 45 a factor of 13815?
True
Is 6 a factor of 1901?
False
Does 55 divide 11715?
True
Does 14 divide 4717?
False
Is 61 a factor of 4912?
False
Does 22 divide 36014?
True
Does 64 divide 9143?
False
Is 25 a factor of 6425?
True
Is 12 a factor of 12432?
True
Is 1655 a multiple of 24?
False
Is 12 a factor of 8652?
True
Is 165 a multiple of 4?
False
Does 10 divide 24494?
False
Is 1617 a multiple of 8?
False
Does 35 divide 210?
True
Is 11 a factor of 16520?
False
Does 4 divide 105?
False
Does 22 divide 277?
False
Does 13 divide 12228?
False
Is 9200 a multiple of 16?
True
Is 16 a factor of 5472?
True
Is 1664 a multiple of 104?
True
Is 13760 a multiple of 32?
True
Does 239 divide 19719?
False
Does 19 divide 137921?
True
Is 2574 a multiple of 11?
True
Is 16 a factor of 608?
True
Is 5590 a multiple of 26?
True
Is 159 a factor of 35775?
True
Is 30379 a multiple of 56?
False
Is 4721 a multiple of 14?
False
Does 48 divide 31245?
False
Is 2 a factor of 191?
False
Is 91760 a multiple of 20?
True
Does 52 divide 25896?
True
Does 6 divide 3342?
True
Is 8 a factor of 137?
False
Is 38 a factor of 29374?
True
Is 2376 a multiple of 198?
True
Is 850 a multiple of 50?
True
Does 8 divide 922?
False
Is 7527 a multiple of 13?
True
Does 10 divide 8780?
True
Is 4366 a multiple of 65?
False
Does 39 divide 42?
False
Is 14403 a multiple of 77?
False
Does 27 divide 497?
False
Is 13 a factor of 1263?
False
Is 768 a multiple of 64?
True
Does 46 divide 5119?
False
Is 13 a factor of 9126?
True
Is 179 a factor of 358?
True
Does 15 divide 1364?
False
Is 75 a factor of 75?
True
Does 104 divide 4745?
False
Is 40 a factor of 172?
False
Is 114 a multiple of 3?
True
Is 19584 a multiple of 8?
True
Is 4458 a multiple of 16?
False
Is 13 a factor of 1492?
False
Is 9 a factor of 16582?
False
Is 3120 a multiple of 48?
True
Is 23 a factor of 143773?
True
Is 27745 a multiple of 13?
False
Is 13 a factor of 163?
False
Is 38203 a multiple of 119?
False
Is 741 a multiple of 13?
True
Is 12 a factor of 263?
False
Is 22988 a multiple of 16?
False
Does 86 divide 3663?
False
Is 18 a factor of 2876?
False
Does 15 divide 1182?
False
Is 14 a multiple of 14?
True
Is 8 a factor of 343?
False
Is 15 a factor of 3145?
False
Is 2034 a multiple of 113?
True
Does 7 divide 2380?
True
Is 28 a factor of 2749?
False
Is 7 a factor of 9709?
True
Is 13 a factor of 1172?
False
Is 226 a multiple of 84?
False
Does 9 divide 218?
False
Does 20 divide 940?
True
Is 21 a factor of 2567?
False
Is 29312 a multiple of 32?
True
Is 85054 a multiple of 43?
True
Does 83 divide 2114?
False
Does 74 divide 2442?
True
Is 4608 a multiple of 36?
True
Is 11 a factor of 17061?
True
Is 383 a multiple of 7?
False
Is 406 a multiple of 26?
False
Does 10 divide 97656?
False
Does 16 divide 11536?
True
Is 25398 a multiple of 166?
True
Is 21 a factor of 15331?
False
Is 9 a factor of 414?
True
Is 10968 even?
True
Is 90 a factor of 227?
False
Is 7 a factor of 39364?
False
Does 13 divide 869?
False
Is 49095 a multiple of 9?
True
Does 8 divide 19880?
True
Does 22 divide 5069?
False
Is 1279 a multiple of 4?
False
Does 6 divide 85?
False
Is 15 a factor of 51260?
False
Is 107 a multiple of 16?
False
Is 22420 a multiple of 95?
True
Is 5 a factor of 43?
False
Is 10614 a multiple of 29?
True
Is 28 a factor o